 are the prime factors of 211084?
2, 113, 467
List the prime factors of 502308.
2, 3, 4651
What are the prime factors of 6069789?
3, 11, 107, 191
List the prime factors of 7611231.
3, 107, 131, 181
List the prime factors of 576929.
17, 33937
List the prime factors of 526786.
2, 13, 20261
List the prime factors of 25961.
13, 1997
List the prime factors of 960529.
751, 1279
List the prime factors of 7652675.
5, 23, 13309
List the prime factors of 110719.
7, 15817
List the prime factors of 370194.
2, 3, 11, 71, 79
List the prime factors of 185718.
2, 3, 13, 2381
List the prime factors of 23179567.
23179567
What are the prime factors of 1965696?
2, 3, 5119
List the prime factors of 4356318.
2, 3, 17, 42709
What are the prime factors of 555950?
2, 5, 11119
List the prime factors of 1539015.
3, 5, 37, 47, 59
What are the prime factors of 290355?
3, 5, 13, 1489
List the prime factors of 757035.
3, 5, 16823
What are the prime factors of 235142?
2, 117571
What are the prime factors of 1410013?
11, 43, 271
List the prime factors of 8057415.
3, 5, 487, 1103
What are the prime factors of 12551?
7, 11, 163
What are the prime factors of 31709204?
2, 7927301
List the prime factors of 96424.
2, 17, 709
What are the prime factors of 970352?
2, 60647
List the prime factors of 968710.
2, 5, 73, 1327
What are the prime factors of 4860428?
2, 19, 31, 2063
What are the prime factors of 1386848?
2, 19, 2281
List the prime factors of 265884.
2, 3, 22157
What are the prime factors of 83260?
2, 5, 23, 181
What are the prime factors of 2866976?
2, 7, 12799
What are the prime factors of 24722767?
24722767
What are the prime factors of 1760660?
2, 5, 11, 53, 151
List the prime factors of 2726956.
2, 19, 53, 677
What are the prime factors of 5550?
2, 3, 5, 37
List the prime factors of 191893.
13, 29, 509
What are the prime factors of 3314964?
2, 3, 276247
What are the prime factors of 460442?
2, 230221
List the prime factors of 6224.
2, 389
What are the prime factors of 167588?
2, 41897
What are the prime factors of 860006?
2, 7, 47, 1307
What are the prime factors of 6928436?
2, 1732109
List the prime factors of 205009.
7, 29287
What are the prime factors of 139288?
2, 23, 757
What are the prime factors of 4790588?
2, 11, 108877
What are the prime factors of 4970351?
73, 68087
List the prime factors of 2299662.
2, 3, 251, 509
List the prime factors of 1958889.
3, 157, 4159
List the prime factors of 209561.
11, 19051
List the prime factors of 6274042.
2, 839, 3739
List the prime factors of 26443573.
13, 19, 151, 709
List the prime factors of 85479.
3, 28493
What are the prime factors of 17423990?
2, 5, 1319, 1321
What are the prime factors of 2423164?
2, 61, 9931
List the prime factors of 1878469.
193, 9733
What are the prime factors of 5343090?
2, 3, 5, 178103
List the prime factors of 3202928.
2, 200183
What are the prime factors of 188402?
2, 94201
List the prime factors of 464247.
3, 7, 7369
What are the prime factors of 3171316?
2, 17, 149, 313
List the prime factors of 12170934.
2, 3, 563, 1201
What are the prime factors of 2529012?
2, 3, 73, 2887
List the prime factors of 575536.
2, 13, 2767
List the prime factors of 418181.
418181
What are the prime factors of 449441?
449441
List the prime factors of 836043.
3, 13, 17, 97
List the prime factors of 144915.
3, 5, 9661
What are the prime factors of 1180458?
2, 3, 65581
List the prime factors of 7747670.
2, 5, 7, 110681
What are the prime factors of 15335148?
2, 3, 41, 71, 439
What are the prime factors of 1735960?
2, 5, 43399
List the prime factors of 28143.
3, 53, 59
What are the prime factors of 2338450?
2, 5, 46769
List the prime factors of 737241.
3, 245747
List the prime factors of 24154326.
2, 3, 7, 53, 3617
What are the prime factors of 3685515?
3, 5, 17, 97, 149
What are the prime factors of 841034?
2, 79, 5323
What are the prime factors of 26628536?
2, 11, 302597
List the prime factors of 846069.
3, 7, 40289
List the prime factors of 463434.
2, 3, 77239
What are the prime factors of 960683?
29, 157, 211
What are the prime factors of 548059?
548059
List the prime factors of 1165582.
2, 11, 52981
List the prime factors of 26453771.
29, 59, 15461
List the prime factors of 3365765.
5, 13, 53, 977
What are the prime factors of 1949239?
827, 2357
List the prime factors of 280547.
280547
List the prime factors of 1007645.
5, 79, 2551
What are the prime factors of 115597?
115597
What are the prime factors of 1960468?
2, 490117
What are the prime factors of 729910?
2, 5, 47, 1553
List the prime factors of 4649785.
5, 7, 132851
What are the prime factors of 1023907?
53, 19319
What are the prime factors of 1887510?
2, 3, 5, 17, 3701
What are the prime factors of 1597387?
11, 19, 7643
List the prime factors of 709538.
2, 149, 2381
What are the prime factors of 16195052?
2, 151, 26813
What are the prime factors of 30615571?
7, 4373653
List the prime factors of 336239.
336239
List the prime factors of 383691.
3, 7, 11, 151
What are the prime factors of 19064438?
2, 79, 120661
List the prime factors of 6641190.
2, 3, 5, 911
What are the prime factors of 8498758?
2, 293, 14503
List the prime factors of 12330145.
5, 19, 107, 1213
List the prime factors of 422282.
2, 7, 31, 139
List the prime factors of 4121988.
2, 3, 13, 26423
List the prime factors of 98807.
98807
What are the prime factors of 1129080?
2, 3, 5, 97
List the prime factors of 5896979.
11, 229, 2341
List the prime factors of 570030.
2, 3, 5, 19001
List the prime factors of 1440906.
2, 3, 240151
List the prime factors of 5104377.
3, 29, 41, 53
What are the prime factors of 18405274?
2, 9202637
List the prime factors of 194786.
2, 17, 337
What are the prime factors of 739287?
3, 9127
List the prime factors of 3908148.
2, 3, 19, 61, 281
List the prime factors of 2876167.
7, 641
List the prime factors of 4990663.
1663, 3001
What are the prime factors of 9446358?
2, 3, 1574393
What are the prime factors of 6169058?
2, 7, 83, 5309
List the prime factors of 4946393.
4946393
What are the prime factors of 26545080?
2, 3, 5, 221209
List the prime factors of 2911027.
7, 415861
List the prime factors of 105000.
2, 3, 5, 7
List the prime factors of 235702.
2, 117851
List the prime factors of 734928.
2, 3, 61, 251
List the prime factors of 526725.
3, 5, 2341
List the prime factors of 854949.
3, 29, 31, 317
List the prime factors of 600750.
2, 3, 5, 89
What are the prime factors of 1057893?
3, 17, 20743
List the prime factors of 13233149.
13233149
What are the prime factors of 150148?
2, 37537
List the prime factors of 215517.
3, 19, 199
List the prime factors of 13460366.
2, 1619, 4157
List the prime factors of 1658901.
3, 41, 13487
What are the prime factors of 359968?
2, 7, 1607
List the prime factors of 767150.
2, 5, 67, 229
List the prime factors of 349335.
3, 5, 7, 1109
What are the prime factors of 18497480?
2, 5, 462437
What are the prime factors of 1812683?
1812683
What are the prime factors of 2987802?
2, 3, 127, 1307
List the prime factors of 9196314.
2, 3, 1532719
List the prime factors of 8600.
2, 5, 43
List the prime factors of 621007.
621007
List the prime factors of 5266469.
13, 37, 10949
What are the prime factors of 14598871?
7, 149, 13997
List the prime factors of 2789667.
3, 277, 373
What are the prime factors of 262621?
262621
List the prime factors of 1679400.
2, 3, 5, 311
List the prime factors of 1607340.
2, 3, 5, 7, 43, 89
List the prime factors of 586039.
107, 5477
What are the prime factors of 359274?
2, 3, 59879
List the prime factors of 3692486.
2, 7, 73, 3613
What are the prime factors of 348326?
2, 11, 71, 223
What are the prime factors of 1063717?
359, 2963
What are the prime factors of 3803829?
3, 1267943
List the prime factors of 384034.
2, 7, 27431
List the prime factors of 11853741.
3, 3951247
List the prime factors of 6235312.
2, 79, 4933
What are the prime factors of 15082793?
11, 41, 53, 631
List the prime factors of 819494.
2, 13, 43, 733
What are the prime factors of 1969709?
7, 29, 31, 313
What are the prime factors of 21640498?
2, 11, 983659
List the prime factors of 908426.
2, 454213
What are the prime factors of 1351443?
3, 450481
What are the prime factors of 623079?
3, 47, 491
List the prime factors of 303458.
2, 151729
What 